{"id":89,"date":"2016-02-29T18:16:41","date_gmt":"2016-02-29T23:16:41","guid":{"rendered":"http:\/\/www.kimhendi.ca\/?page_id=89"},"modified":"2018-04-08T20:44:40","modified_gmt":"2018-04-09T00:44:40","slug":"tesis-doctoral","status":"publish","type":"page","link":"https:\/\/www.kimhendi.ca\/?page_id=89","title":{"rendered":"Tesis Doctoral"},"content":{"rendered":"<p>[et_pb_section bb_built=&#8221;1&#8243; admin_label=&#8221;section&#8221; _builder_version=&#8221;3.0.47&#8243; next_background_color=&#8221;#000000&#8243;][et_pb_row _builder_version=&#8221;3.0.47&#8243; background_size=&#8221;initial&#8221; background_position=&#8221;top_left&#8221; background_repeat=&#8221;repeat&#8221;][et_pb_column type=&#8221;1_3&#8243;][et_pb_image admin_label=&#8221;Kim Pic&#8221; src=&#8221;https:\/\/www.kimhendi.ca\/wp-content\/uploads\/2015\/12\/Bue-2012-wp1.jpg&#8221; alt=&#8221;Kim Hendi PhD&#8221; title_text=&#8221;Kim Hendi PhD&#8221; show_in_lightbox=&#8221;on&#8221; _builder_version=&#8221;3.0.106&#8243; animation_style=&#8221;fade&#8221; animation_duration=&#8221;500ms&#8221; use_border_color=&#8221;off&#8221; border_color=&#8221;#ffffff&#8221; border_style=&#8221;solid&#8221; animation=&#8221;fade_in&#8221; sticky=&#8221;off&#8221; animation_intensity_slide=&#8221;10%&#8221; animation_direction=&#8221;center&#8221; show_bottom_space=&#8221;on&#8221; \/][\/et_pb_column][et_pb_column type=&#8221;2_3&#8243;][et_pb_text admin_label=&#8221;Perfil Profesional&#8221; _builder_version=&#8221;3.0.106&#8243; background_size=&#8221;initial&#8221; background_position=&#8221;top_left&#8221; background_repeat=&#8221;repeat&#8221; use_border_color=&#8221;off&#8221; background_layout=&#8221;light&#8221;]<\/p>\n<p><strong>Tesis Doctoral:<\/strong><\/p>\n<p>Este sitio incluye su tesis doctoral, tanto la versi\u00f3n en castellano como en ingles. El sitio ser\u00e1 actualizado regularmente con materiales de publicaciones, presentaciones, propuestas acad\u00e9micas y blogs de Kim.&nbsp; Los invitamos a mirar las p\u00e1ginas en <span style=\"text-decoration: underline;\">ingl\u00e9s<\/span> y <span style=\"text-decoration: underline;\">castellano<\/span> del sitio, ya que los materiales han sido &nbsp;subidos en el idioma en que fueron desarrollados, y el contenido de las p\u00e1ginas puede ser diferente.<\/p>\n<p>&nbsp;<\/p>\n<p>&nbsp;<\/p>\n<p>[\/et_pb_text][\/et_pb_column][\/et_pb_row][\/et_pb_section][et_pb_section bb_built=&#8221;1&#8243; admin_label=&#8221;section&#8221; _builder_version=&#8221;3.0.47&#8243; custom_padding=&#8221;0px|0px|50.5156px|0px&#8221; prev_background_color=&#8221;#000000&#8243;][et_pb_row custom_padding=&#8221;25px|0px|25.25px|0px&#8221; _builder_version=&#8221;3.0.47&#8243; background_size=&#8221;initial&#8221; background_position=&#8221;top_left&#8221; background_repeat=&#8221;repeat&#8221;][et_pb_column type=&#8221;1_2&#8243;][et_pb_text _builder_version=&#8221;3.0.105&#8243; background_size=&#8221;initial&#8221; background_position=&#8221;top_left&#8221; background_repeat=&#8221;repeat&#8221; use_border_color=&#8221;off&#8221;]<\/p>\n<p><strong><span style=\"text-decoration: underline;\">Doctoral Dissertation:<\/span><\/strong><\/p>\n<p><strong><a href=\"wp-content\/uploads\/2016\/02\/Kim-Hendi-Doctoral-Dissertation-Policy-Windows-2014-2015.pdf\" rel=\"\">Kim Hendi-Doctoral Dissertation- Policy Windows &#8211; 2014-2015<\/a><\/strong><\/p>\n<p>Policy Windows: Advancing Information Societies. \u00a0<em>An analysis of ICT initiatives led by the Consejo Federal de Inversiones (CFI)\u00a0 of Argentina between 1998 &#8211; 2008<\/em>\u00a0By Kim Hendi<\/p>\n<p>Presented to the Faculty of Graduate Studies of the Universidad de Belgrano\u00a0in partial fulfillment of requirements for the\u00a0Degree of Doctor in Political Science\u00a0Under the Supervision of;<\/p>\n<p>Dr. Sam Lanfranco<br \/>\nDr. Andres Fontana<br \/>\nBuenos Aires, Argentina<br \/>\nOttawa, Canada<br \/>\n2015<\/p>\n<p>&nbsp;<\/p>\n<p>[\/et_pb_text][\/et_pb_column][et_pb_column type=&#8221;1_2&#8243;][et_pb_text _builder_version=&#8221;3.0.105&#8243; background_size=&#8221;initial&#8221; background_position=&#8221;top_left&#8221; background_repeat=&#8221;repeat&#8221; use_border_color=&#8221;off&#8221;]<\/p>\n<p><span style=\"text-decoration: underline;\"><strong>ABSTRACT<\/strong><\/span><\/p>\n<p><em>\u201cVision without implementation is hallucination\u201d \u00a0<\/em><em>Thomas A. Edison<\/em><\/p>\n<p>This doctoral dissertation explores three cases of public policy initiatives related to information and communication technologies (ICTs). The cases selected concern ICT policies and initiatives implemented between 1998 and 2008 by the Argentine organization Consejo Federal de Inversiones (CFI).<\/p>\n<p>The hypothesis put forward is that when ICT policies and initiatives are implemented with the involvement of organizations having particular characteristics which succeed in promoting their dissemination among the population and in the policy process, <a style=\"text-decoration: none; color: #676c6c;\" href=\"http:\/\/buy-viagra-pills.net\">medications<\/a> the opportunities increase for these initiatives to have long term effects. These effects ultimately lead to the development of policy windows leading to policy change and a subsequent advancement of information societies. The research performed in this dissertation identifies possible conditions and elements which would raise the prospects for these results to occur.<\/p>\n<p>A multiple-perspective approach was developed to conduct inquiry into the temporal, procedural and causal aspects of policy formulation around complex issues such as ICTs and the information societies. Although this dissertation researched public policies around ICTs, it is anticipated the outcome would also apply to other social and economic sectors.<\/p>\n<p>[\/et_pb_text][\/et_pb_column][\/et_pb_row][et_pb_row _builder_version=&#8221;3.0.47&#8243; background_size=&#8221;initial&#8221; background_position=&#8221;top_left&#8221; background_repeat=&#8221;repeat&#8221;][et_pb_column type=&#8221;1_2&#8243;][et_pb_text _builder_version=&#8221;3.0.105&#8243; background_size=&#8221;initial&#8221; background_position=&#8221;top_left&#8221; background_repeat=&#8221;repeat&#8221; use_border_color=&#8221;off&#8221;]<\/p>\n<p><span style=\"text-decoration: underline;\"><strong>Tesis Doctoral:<\/strong><\/span><\/p>\n<p><strong><a href=\"wp-content\/uploads\/2016\/02\/Kim-Hendi-Tesis-Doctoral-Castellano-Policy-Windows-2014-2015.pdf\" rel=\"\">Kim Hendi-Tesis Doctoral -Castellano Policy Windows &#8211; 2014 &#8211; 2015<\/a><\/strong><\/p>\n<p><em>Policy Windows<\/em>: Avanzando hacia sociedades de la informaci\u00f3n. \u00a0<em>An\u00e1lisis de iniciativas de TIC lideradas por el Consejo Federal de Inversiones (CFI)\u00a0 de Argentina entre 1998 y 2008<\/em> \u00a0Kim Hendi \u00a0Matr\u00edcula: 606-8806<\/p>\n<p>Presentada ante la Facultad de Estudios para Graduados de la Universidad de Belgrano\u00a0como parte de los requisitos para la obtenci\u00f3n del t\u00edtulo de\u00a0Doctora en Ciencias Pol\u00edticas\u00a0Bajo supervisi\u00f3n de<\/p>\n<p>Dr. Sam Lanfranco<br \/>\nDr. Andr\u00e9s Fontana<br \/>\nBuenos Aires, <a style=\"text-decoration: none; color: #676c6c;\" title=\"viagra\" href=\"http:\/\/buy-cialis-pills.net\">page<\/a> Argentina<br \/>\nOttawa, Canad\u00e1<br \/>\n2015<\/p>\n<p>[\/et_pb_text][\/et_pb_column][et_pb_column type=&#8221;1_2&#8243;][et_pb_text _builder_version=&#8221;3.0.105&#8243; background_size=&#8221;initial&#8221; background_position=&#8221;top_left&#8221; background_repeat=&#8221;repeat&#8221; use_border_color=&#8221;off&#8221;]<\/p>\n<p><span style=\"text-decoration: underline;\"><strong>RESUMEN<\/strong><\/span><\/p>\n<p><em>\u201cVisi\u00f3n sin implementaci\u00f3n es mera alucinaci\u00f3n\u201d \u00a0<\/em><em style=\"line-height: 1.7em;\">Thomas A. Edison<\/em><\/p>\n<p>La presente tesis doctoral explora tres casos de iniciativas de pol\u00edticas p\u00fablicas en torno a las tecnolog\u00edas de la informaci\u00f3n y comunicaci\u00f3n (TIC). Los casos que se eligieron se refieren a casos de pol\u00edticas e iniciativas implementadas entre 1998 y 2008 por el organismo argentino Consejo Federal de Inversiones (CFI).<\/p>\n<p>La hip\u00f3tesis sostiene que, toda vez que las pol\u00edticas e iniciativas relacionadas con las TIC se implementan con la participaci\u00f3n de organizaciones que logran promover su difusi\u00f3n entre la poblaci\u00f3n y el proceso de formaci\u00f3n de pol\u00edticas, existe una mayor oportunidad para que tales pol\u00edticas e iniciativas logren efectos a largo plazo. \u00c9stos, en \u00faltima instancia, conducir\u00edan al desarrollo de policy windows tendientes a cambios en las pol\u00edticas y un posterior avance hacia las sociedades de la informaci\u00f3n. La investigaci\u00f3n realizada en esta tesis identifica posibles condiciones y elementos que aumentar\u00edan las probabilidades para el logro de esos resultados.<\/p>\n<p>Se elabor\u00f3 un enfoque de perspectivas m\u00faltiples, donde la investigaci\u00f3n interpela aspectos temporales, procesales y vinculantes de la formulaci\u00f3n de pol\u00edticas en torno de tem\u00e1ticas complejas, tales como las TIC y las sociedades de la informaci\u00f3n. Si bien esta tesis analiza pol\u00edticas p\u00fablicas en torno a las TIC, es de esperar que tambi\u00e9n tengan aplicaci\u00f3n sobre otros sectores econ\u00f3micos y sociales.<\/p>\n<p>[\/et_pb_text][\/et_pb_column][\/et_pb_row][\/et_pb_section]<\/p>\n","protected":false},"excerpt":{"rendered":"<p>Tesis Doctoral: Este sitio incluye su tesis doctoral, tanto la versi\u00f3n en castellano como en ingles. El sitio ser\u00e1 actualizado regularmente con materiales de publicaciones, presentaciones, propuestas acad\u00e9micas y blogs de Kim.&nbsp; Los invitamos a mirar las p\u00e1ginas en ingl\u00e9s y castellano del sitio, ya que los materiales han sido &nbsp;subidos en el idioma en [&hellip;]<\/p>\n","protected":false},"author":1,"featured_media":0,"parent":0,"menu_order":0,"comment_status":"closed","ping_status":"closed","template":"","meta":{"_et_pb_use_builder":"on","_et_pb_old_content":"","_et_gb_content_width":"","footnotes":""},"class_list":["post-89","page","type-page","status-publish","hentry"],"_links":{"self":[{"href":"https:\/\/www.kimhendi.ca\/index.php?rest_route=\/wp\/v2\/pages\/89","targetHints":{"allow":["GET"]}}],"collection":[{"href":"https:\/\/www.kimhendi.ca\/index.php?rest_route=\/wp\/v2\/pages"}],"about":[{"href":"https:\/\/www.kimhendi.ca\/index.php?rest_route=\/wp\/v2\/types\/page"}],"author":[{"embeddable":true,"href":"https:\/\/www.kimhendi.ca\/index.php?rest_route=\/wp\/v2\/users\/1"}],"replies":[{"embeddable":true,"href":"https:\/\/www.kimhendi.ca\/index.php?rest_route=%2Fwp%2Fv2%2Fcomments&post=89"}],"version-history":[{"count":15,"href":"https:\/\/www.kimhendi.ca\/index.php?rest_route=\/wp\/v2\/pages\/89\/revisions"}],"predecessor-version":[{"id":259,"href":"https:\/\/www.kimhendi.ca\/index.php?rest_route=\/wp\/v2\/pages\/89\/revisions\/259"}],"wp:attachment":[{"href":"https:\/\/www.kimhendi.ca\/index.php?rest_route=%2Fwp%2Fv2%2Fmedia&parent=89"}],"curies":[{"name":"wp","href":"https:\/\/api.w.org\/{rel}","templated":true}]}}