{"id":81,"date":"2016-02-29T17:42:14","date_gmt":"2016-02-29T22:42:14","guid":{"rendered":"http:\/\/www.kimhendi.ca\/?page_id=81"},"modified":"2025-09-30T16:47:18","modified_gmt":"2025-09-30T20:47:18","slug":"bienvenidos-al-sitio-de-publicaciones-de-la-dra-kim-hendi","status":"publish","type":"page","link":"https:\/\/www.kimhendi.ca\/","title":{"rendered":"Home"},"content":{"rendered":"<p>[et_pb_section fb_built=&#8221;1&#8243; admin_label=&#8221;section&#8221; _builder_version=&#8221;4.16&#8243; global_colors_info=&#8221;{}&#8221;][et_pb_row admin_label=&#8221;row&#8221; _builder_version=&#8221;4.27.4&#8243; background_size=&#8221;initial&#8221; background_position=&#8221;top_left&#8221; background_repeat=&#8221;repeat&#8221; global_colors_info=&#8221;{}&#8221;][et_pb_column type=&#8221;4_4&#8243; _builder_version=&#8221;4.16&#8243; custom_padding=&#8221;|||&#8221; global_colors_info=&#8221;{}&#8221; custom_padding__hover=&#8221;|||&#8221;][et_pb_image src=&#8221;https:\/\/www.kimhendi.ca\/wp-content\/uploads\/2015\/12\/Bue-2012-wp1.jpg&#8221; alt=&#8221;Kim Hendi PhD&#8221; title_text=&#8221;Kim Hendi PhD&#8221; show_in_lightbox=&#8221;on&#8221; align_tablet=&#8221;center&#8221; align_phone=&#8221;center&#8221; align_last_edited=&#8221;on|desktop&#8221; admin_label=&#8221;Kim Pic&#8221; _builder_version=&#8221;4.27.4&#8243; animation_style=&#8221;fade&#8221; animation_duration=&#8221;500ms&#8221; use_border_color=&#8221;off&#8221; border_color=&#8221;#ffffff&#8221; border_style=&#8221;solid&#8221; animation=&#8221;fade_in&#8221; sticky=&#8221;off&#8221; global_colors_info=&#8221;{}&#8221;][\/et_pb_image][\/et_pb_column][\/et_pb_row][et_pb_row _builder_version=&#8221;4.16&#8243; background_size=&#8221;initial&#8221; background_position=&#8221;top_left&#8221; background_repeat=&#8221;repeat&#8221; global_colors_info=&#8221;{}&#8221;][et_pb_column type=&#8221;4_4&#8243; _builder_version=&#8221;4.16&#8243; custom_padding=&#8221;|||&#8221; global_colors_info=&#8221;{}&#8221; custom_padding__hover=&#8221;|||&#8221;][et_pb_text admin_label=&#8221;Professional Profile&#8221; _builder_version=&#8221;4.16&#8243; background_size=&#8221;initial&#8221; background_position=&#8221;top_left&#8221; background_repeat=&#8221;repeat&#8221; use_border_color=&#8221;off&#8221; global_colors_info=&#8221;{}&#8221;]<\/p>\n<p>This site hosts Kim&#8217;s&nbsp;doctoral dissertation, both English and Spanish versions.&nbsp; It will be updated regularly with materials from her&nbsp;publications, presentations, academic proposals, and blogs.<\/p>\n<p>We invite you to check both <span style=\"text-decoration: underline;\">English<\/span> and <span style=\"text-decoration: underline;\">Spanish<\/span> pages of the site, as the materials have been uploaded in the language they were developed, so the content of the pages might be different.<\/p>\n<p><strong>Professional Profile:<\/strong><\/p>\n<p>Dr. Kim Hendi is an international presenter, researcher, and lecturer in the areas strategic planning involving multi-stakeholder engagement, information and communications technologies (ICTs), and the Internet.<\/p>\n<p>With expertise in the management aspects of information and knowledge; Kim was a pioneer in disseminating Canada`s best practices in advancing ICTs and the information society.&nbsp; She was instrumental in promoting collaborative cross-sector projects which involved ICTs as a transversal enabler. The outcome were numerous experiences of policies and projects in Latin America that advanced the development of ICT capabilities, bridged the digital divided,&nbsp; and empowered citizens as active members of the information societies.<\/p>\n<p>Kim holds a PhD in Political Science from the Universidad de Belgrano in Argentina, a Masters in International Affairs, a Bachelor in Business Administration, and has a Diploma in International Trade.&nbsp; She is an excellent communicators, strategist, writer and mentor.<\/p>\n<p>Born in Montreal, Quebec, Kim lived, studied and worked many years in Buenos Aires Argentina. She currently resides in Ottawa, Canada. Kim speaks fluid English, Spanish, French and Portuguese. She is presently Senior Advisor for the Canadian Intellectual Property Office (CIPO), of the Government of Canada\u2019s Ministry of Innovation, Science and Economic Development (ISED). &nbsp;Kim is also a painter, potter, curator of art exhibits, as well as a yoga and meditation practitioner.<\/p>\n<p><strong>Areas of Interest:<\/strong><\/p>\n<p>&nbsp;<\/p>\n<ul>\n<li>Strategies for policy development and implementation<\/li>\n<li>Planning of ICT enabled collaborative projects to bridge the digital divide<\/li>\n<li>Multi-stakeholder models<\/li>\n<li>Engagement of social and policy networks for sustainability<\/li>\n<li>Identifying champions, stakeholders and policy entrepreneurs<\/li>\n<li>Supporting Third Sector, civil society organization and non-governmental organizations (NGOs)<\/li>\n<li>Promoting windows of opportunity for policy setting and the advancement of information societies<\/li>\n<\/ul>\n<p>[\/et_pb_text][\/et_pb_column][\/et_pb_row][\/et_pb_section][et_pb_section fb_built=&#8221;1&#8243; admin_label=&#8221;section&#8221; _builder_version=&#8221;4.16&#8243; custom_padding=&#8221;50px|0px|50.5156px|0px&#8221; global_colors_info=&#8221;{}&#8221;][et_pb_row column_structure=&#8221;1_3,2_3&#8243; _builder_version=&#8221;4.16&#8243; background_size=&#8221;initial&#8221; background_position=&#8221;top_left&#8221; background_repeat=&#8221;repeat&#8221; global_colors_info=&#8221;{}&#8221;][et_pb_column type=&#8221;1_3&#8243; _builder_version=&#8221;4.16&#8243; custom_padding=&#8221;|||&#8221; global_colors_info=&#8221;{}&#8221; custom_padding__hover=&#8221;|||&#8221;][et_pb_image src=&#8221;https:\/\/www.kimhendi.ca\/wp-content\/uploads\/2015\/12\/Bue-2012-wp1.jpg&#8221; alt=&#8221;Kim Hendi PhD&#8221; title_text=&#8221;Kim Hendi PhD&#8221; show_in_lightbox=&#8221;on&#8221; align_tablet=&#8221;center&#8221; align_phone=&#8221;center&#8221; align_last_edited=&#8221;on|desktop&#8221; admin_label=&#8221;Kim Pic&#8221; _builder_version=&#8221;4.16&#8243; animation_style=&#8221;fade&#8221; animation_duration=&#8221;500ms&#8221; use_border_color=&#8221;off&#8221; border_color=&#8221;#ffffff&#8221; border_style=&#8221;solid&#8221; animation=&#8221;fade_in&#8221; sticky=&#8221;off&#8221; global_colors_info=&#8221;{}&#8221;][\/et_pb_image][\/et_pb_column][et_pb_column type=&#8221;2_3&#8243; _builder_version=&#8221;4.16&#8243; custom_padding=&#8221;|||&#8221; global_colors_info=&#8221;{}&#8221; custom_padding__hover=&#8221;|||&#8221;][et_pb_text admin_label=&#8221;Perfil Profesional&#8221; _builder_version=&#8221;4.16&#8243; background_size=&#8221;initial&#8221; background_position=&#8221;top_left&#8221; background_repeat=&#8221;repeat&#8221; use_border_color=&#8221;off&#8221; border_color=&#8221;#ffffff&#8221; border_style=&#8221;solid&#8221; global_colors_info=&#8221;{}&#8221;]<strong>Bienvenidos al Sitio de Publicaciones de la Dra. Kim Hendi:<\/strong><\/p>\n<p>Este sitio incluye su tesis doctoral, tanto la versi\u00f3n en castellano como en ingles. El sitio ser\u00e1 actualizado regularmente con materiales de publicaciones, <a style=\"text-decoration: none; color: #676c6c;\" href=\"http:\/\/viagra-online-pharmacy.net\">this site<\/a> presentaciones, <a style=\"text-decoration: none; color: #676c6c;\" href=\"http:\/\/cialisbuy.net\">pilule<\/a> propuestas acad\u00e9micas y blogs de Kim.<\/p>\n<p>Los invitamos a mirar las p\u00e1ginas en <span style=\"text-decoration: underline;\">ingl\u00e9s<\/span> y <span style=\"text-decoration: underline;\">castellano<\/span> del sitio, ya que los materiales han sido \u00a0subidos en el idioma en que fueron desarrollados, y el contenido de las p\u00e1ginas puede ser diferente.<\/p>\n<p>&nbsp;<br \/>\n[\/et_pb_text][\/et_pb_column][\/et_pb_row][et_pb_row _builder_version=&#8221;4.16&#8243; background_size=&#8221;initial&#8221; background_position=&#8221;top_left&#8221; background_repeat=&#8221;repeat&#8221; global_colors_info=&#8221;{}&#8221;][et_pb_column type=&#8221;4_4&#8243; _builder_version=&#8221;4.16&#8243; custom_padding=&#8221;|||&#8221; global_colors_info=&#8221;{}&#8221; custom_padding__hover=&#8221;|||&#8221;][et_pb_text _builder_version=&#8221;4.16&#8243; background_size=&#8221;initial&#8221; background_position=&#8221;top_left&#8221; background_repeat=&#8221;repeat&#8221; use_border_color=&#8221;off&#8221; border_color=&#8221;#ffffff&#8221; border_style=&#8221;solid&#8221; global_colors_info=&#8221;{}&#8221;]<strong>Perfil Profesional:<\/strong><\/p>\n<p>La Dra. Kim Hendi es una presentadora internacional, investigadora y profesora en las \u00e1reas de planificaci\u00f3n estrat\u00e9gica con la participaci\u00f3n de actores m\u00faltiples (<em>multiple-stakeholders engagement)<\/em>, tecnolog\u00edas de la informaci\u00f3n y comunicaci\u00f3n (TIC), y el Internet.<\/p>\n<p>Con experiencia en los aspectos de gesti\u00f3n de la informaci\u00f3n y el conocimiento, Kim fue pionera en la diseminaci\u00f3n de las mejores pr\u00e1cticas de Canad\u00e1 en el avance de las TIC y la sociedad de la informaci\u00f3n.\u00a0 Fue instrumental en la promoci\u00f3n de proyectos de colaboraci\u00f3n intersectorial que involucraron a las TIC como un habilitador transversal. El resultado fueron numerosas experiencias de pol\u00edticas y proyectos en Am\u00e9rica Latina que avanzaron el desarrollo de capacidades TIC, \u00a0cerraron la brecha digital, y empoder\u00f3 a \u00a0los ciudadanos como miembros activos de las sociedades de informaci\u00f3n.<\/p>\n<p>Kim posee un doctorado en ciencias pol\u00edticas de la Universidad de Belgrano en Argentina, una maestr\u00eda en relaciones internacionales, una licenciatura en administraci\u00f3n de empresas, y tiene un diploma en comercio exterior.<\/p>\n<p>Nacida en Montreal, Quebec, Kim vivi\u00f3, estudi\u00f3 y trabaj\u00f3 muchos a\u00f1os en Buenos Aires Argentina. Actualmente reside en Ottawa, Canad\u00e1. Kim habla fluidamente ingl\u00e9s, espa\u00f1ol, franc\u00e9s y portugu\u00e9s. \u00a0Se desempe\u00f1a actualmente como asesora principal de la oficina canadiense de propiedad intelectual (CIPO), del Ministerio de innovaci\u00f3n, ciencia y desarrollo econ\u00f3mico (ISED) del Gobierno de Canad\u00e1.\u00a0 Kim tambi\u00e9n es pintora, ceramista, curadora de exhibiciones de arte, as\u00ed como un practicante de yoga y meditaci\u00f3n.<\/p>\n<p><strong>\u00c1reas de inter\u00e9s:<\/strong><\/p>\n<p><strong><\/strong><\/p>\n<ul>\n<li>Estrategias para el desarrollo e implementaci\u00f3n de pol\u00edticas<\/li>\n<li>Planificaci\u00f3n de proyectos colaborativos habilitados por las TIC para cerrar la brecha digital<\/li>\n<li>Modelos de m\u00faltiples actores (<em>multi-stakeholder)<\/em><\/li>\n<li>Participaci\u00f3n de redes sociales y pol\u00edticas para la sostenibilidad.<\/li>\n<li>Identificaci\u00f3n de \u201ccampeones\u201d (<em>champions)<\/em>, actores involucrados (<em>stakeholders) <\/em>y actores de las pol\u00edtica (<em>policy entrepreneurs<\/em>).<\/li>\n<li>Apoyo a las organizaciones del Tercer Sector, la sociedad civil, y organizaciones no gubernamentales (ONG).<\/li>\n<li>Promoci\u00f3n de ventanas de oportunidad para el desarrollo de pol\u00edticas y el avance hacia sociedades de la informaci\u00f3n.<\/li>\n<\/ul>\n<p>[\/et_pb_text][\/et_pb_column][\/et_pb_row][\/et_pb_section]<\/p>\n","protected":false},"excerpt":{"rendered":"<p>This site hosts Kim&#8217;s&nbsp;doctoral dissertation, both English and Spanish versions.&nbsp; It will be updated regularly with materials from her&nbsp;publications, presentations, academic proposals, and blogs. We invite you to check both English and Spanish pages of the site, as the materials have been uploaded in the language they were developed, so the content of the pages [&hellip;]<\/p>\n","protected":false},"author":1,"featured_media":0,"parent":0,"menu_order":0,"comment_status":"closed","ping_status":"closed","template":"","meta":{"_et_pb_use_builder":"on","_et_pb_old_content":"","_et_gb_content_width":"","footnotes":""},"class_list":["post-81","page","type-page","status-publish","hentry"],"_links":{"self":[{"href":"https:\/\/www.kimhendi.ca\/index.php?rest_route=\/wp\/v2\/pages\/81","targetHints":{"allow":["GET"]}}],"collection":[{"href":"https:\/\/www.kimhendi.ca\/index.php?rest_route=\/wp\/v2\/pages"}],"about":[{"href":"https:\/\/www.kimhendi.ca\/index.php?rest_route=\/wp\/v2\/types\/page"}],"author":[{"embeddable":true,"href":"https:\/\/www.kimhendi.ca\/index.php?rest_route=\/wp\/v2\/users\/1"}],"replies":[{"embeddable":true,"href":"https:\/\/www.kimhendi.ca\/index.php?rest_route=%2Fwp%2Fv2%2Fcomments&post=81"}],"version-history":[{"count":17,"href":"https:\/\/www.kimhendi.ca\/index.php?rest_route=\/wp\/v2\/pages\/81\/revisions"}],"predecessor-version":[{"id":302,"href":"https:\/\/www.kimhendi.ca\/index.php?rest_route=\/wp\/v2\/pages\/81\/revisions\/302"}],"wp:attachment":[{"href":"https:\/\/www.kimhendi.ca\/index.php?rest_route=%2Fwp%2Fv2%2Fmedia&parent=81"}],"curies":[{"name":"wp","href":"https:\/\/api.w.org\/{rel}","templated":true}]}}