{"id":68,"date":"2018-01-06T20:59:11","date_gmt":"2018-01-07T01:59:11","guid":{"rendered":"http:\/\/www.kimhendi.ca\/?page_id=68"},"modified":"2018-04-08T23:13:52","modified_gmt":"2018-04-09T03:13:52","slug":"conferences","status":"publish","type":"page","link":"https:\/\/www.kimhendi.ca\/?page_id=68","title":{"rendered":"Spanish"},"content":{"rendered":"<p>[et_pb_section bb_built=&#8221;1&#8243; admin_label=&#8221;section&#8221; _builder_version=&#8221;3.0.47&#8243; next_background_color=&#8221;#000000&#8243;][et_pb_row _builder_version=&#8221;3.0.47&#8243; background_size=&#8221;initial&#8221; background_position=&#8221;top_left&#8221; background_repeat=&#8221;repeat&#8221;][et_pb_column type=&#8221;1_3&#8243;][et_pb_image admin_label=&#8221;Kim Pic&#8221; src=&#8221;https:\/\/www.kimhendi.ca\/wp-content\/uploads\/2015\/12\/Bue-2012-wp1.jpg&#8221; alt=&#8221;Kim Hendi PhD&#8221; title_text=&#8221;Kim Hendi PhD&#8221; show_in_lightbox=&#8221;on&#8221; _builder_version=&#8221;3.0.106&#8243; animation_style=&#8221;fade&#8221; animation_duration=&#8221;500ms&#8221; use_border_color=&#8221;off&#8221; animation_intensity_slide=&#8221;10%&#8221; show_bottom_space=&#8221;on&#8221; url_new_window=&#8221;off&#8221; use_overlay=&#8221;off&#8221; always_center_on_mobile=&#8221;on&#8221; force_fullwidth=&#8221;off&#8221; \/][\/et_pb_column][et_pb_column type=&#8221;2_3&#8243;][et_pb_text admin_label=&#8221;Perfil Profesional&#8221; _builder_version=&#8221;3.0.106&#8243; background_size=&#8221;initial&#8221; background_position=&#8221;top_left&#8221; background_repeat=&#8221;repeat&#8221; use_border_color=&#8221;off&#8221; background_layout=&#8221;light&#8221;]<\/p>\n<p><strong>Bienvenidos al Sitio de Publicaciones de la Dra. Kim Hendi:<\/strong><\/p>\n<p>Este sitio incluye su tesis doctoral, anto la versi\u00f3n en castellano como en ingles. El sitio ser\u00e1 actualizado regularmente con materiales de publicaciones,  presentaciones, propuestas acad\u00e9micas y blogs de Kim.<\/p>\n<p>Los invitamos a mirar las p\u00e1ginas en <span style=\"text-decoration: underline;\">ingl\u00e9s<\/span> y <span style=\"text-decoration: underline;\">castellano<\/span> del sitio, ya que los materiales han sido &nbsp;subidos en el idioma en que fueron desarrollados, y el contenido de las p\u00e1ginas puede ser diferente.<\/p>\n<p><span style=\"text-decoration: underline;\"><strong>Perfil Profesional:<\/strong><\/span><\/p>\n<p>La Dra. Kim Hendi es una presentadora internacional, investigadora y profesora en las \u00e1reas de planificaci\u00f3n estrat\u00e9gica con la participaci\u00f3n de actores m\u00faltiples (<em>multiple-stakeholders engagement)<\/em>, tecnolog\u00edas de la informaci\u00f3n y comunicaci\u00f3n (TIC), y el Internet.<\/p>\n<p>Con experiencia en los aspectos de gesti\u00f3n de la informaci\u00f3n y el conocimiento, Kim fue pionera en la diseminaci\u00f3n de las mejores pr\u00e1cticas de Canad\u00e1 en el avance de las TIC y la sociedad de la informaci\u00f3n.&nbsp; Fue instrumental en la promoci\u00f3n de proyectos de colaboraci\u00f3n intersectorial que involucraron a las TIC como un habilitador transversal. El resultado fueron numerosas experiencias de pol\u00edticas y proyectos en Am\u00e9rica Latina que avanzaron el desarrollo de capacidades TIC, &nbsp;cerraron la brecha digital, y empoder\u00f3 a &nbsp;los ciudadanos como miembros activos de las sociedades de informaci\u00f3n.<\/p>\n<p>Kim posee un doctorado en ciencias pol\u00edticas de la Universidad de Belgrano en Argentina, una maestr\u00eda en relaciones internacionales, una licenciatura en administraci\u00f3n de empresas, y tiene un diploma en comercio exterior.<\/p>\n<p>Nacida en Montreal, Quebec, Kim vivi\u00f3, estudi\u00f3 y trabaj\u00f3 muchos a\u00f1os en Buenos Aires Argentina. Actualmente reside en Ottawa, Canad\u00e1. Kim habla fluidamente ingl\u00e9s, espa\u00f1ol, franc\u00e9s y portugu\u00e9s. &nbsp;Se desempe\u00f1a actualmente como asesora principal de la oficina canadiense de propiedad intelectual (CIPO), del Ministerio de innovaci\u00f3n, ciencia y desarrollo econ\u00f3mico (ISED) del Gobierno de Canad\u00e1..&nbsp;&nbsp; Kim tambi\u00e9n es pintora, ceramista, curadora de exhibiciones de arte, as\u00ed como un practicante de yoga y meditaci\u00f3n.<\/p>\n<p><span style=\"text-decoration: underline;\"><strong>\u00c1reas de inter\u00e9s:<\/strong><\/span><\/p>\n<p><strong><\/strong><\/p>\n<ul>\n<li>Estrategias para el desarrollo e implementaci\u00f3n de pol\u00edticas<\/li>\n<li>Planificaci\u00f3n de proyectos colaborativos habilitados por las TIC para cerrar la brecha digital<\/li>\n<li>Modelos de m\u00faltiples actores (<em>multi-stakeholder)<\/em><\/li>\n<li>Participaci\u00f3n de redes sociales y pol\u00edticas para la sostenibilidad.<\/li>\n<li>Identificaci\u00f3n de \u201ccampeones\u201d (<em>champions)<\/em>, actores involucrados (<em>stakeholders) <\/em>y actores de las pol\u00edtica (<em>policy entrepreneurs<\/em>).<\/li>\n<li>Apoyo a las organizaciones del Tercer Sector, la sociedad civil, y organizaciones no gubernamentales (ONG).<\/li>\n<li>Promoci\u00f3n de ventanas de oportunidad para el desarrollo de pol\u00edticas y el avance hacia sociedades de la informaci\u00f3n.<\/li>\n<\/ul>\n<p>[\/et_pb_text][\/et_pb_column][\/et_pb_row][\/et_pb_section][et_pb_section bb_built=&#8221;1&#8243; admin_label=&#8221;section&#8221; _builder_version=&#8221;3.0.47&#8243; prev_background_color=&#8221;#000000&#8243; next_background_color=&#8221;#000000&#8243;][et_pb_row admin_label=&#8221;row&#8221; _builder_version=&#8221;3.0.47&#8243; background_size=&#8221;initial&#8221; background_position=&#8221;top_left&#8221; background_repeat=&#8221;repeat&#8221;][et_pb_column type=&#8221;4_4&#8243;][et_pb_image admin_label=&#8221;Kim Pic&#8221; src=&#8221;https:\/\/www.kimhendi.ca\/wp-content\/uploads\/2015\/12\/Bue-2012-wp1.jpg&#8221; alt=&#8221;Kim Hendi PhD&#8221; title_text=&#8221;Kim Hendi PhD&#8221; show_in_lightbox=&#8221;on&#8221; _builder_version=&#8221;3.0.47&#8243; animation_style=&#8221;fade&#8221; animation_duration=&#8221;500ms&#8221; use_border_color=&#8221;off&#8221; border_color=&#8221;#ffffff&#8221; border_style=&#8221;solid&#8221; animation=&#8221;fade_in&#8221; sticky=&#8221;off&#8221; animation_intensity_slide=&#8221;10%&#8221; animation_direction=&#8221;center&#8221; show_bottom_space=&#8221;on&#8221; \/][\/et_pb_column][\/et_pb_row][et_pb_row _builder_version=&#8221;3.0.47&#8243; background_size=&#8221;initial&#8221; background_position=&#8221;top_left&#8221; background_repeat=&#8221;repeat&#8221;][et_pb_column type=&#8221;4_4&#8243;][et_pb_text admin_label=&#8221;Professional Profile&#8221; _builder_version=&#8221;3.0.47&#8243; background_size=&#8221;initial&#8221; background_position=&#8221;top_left&#8221; background_repeat=&#8221;repeat&#8221; use_border_color=&#8221;off&#8221; border_color=&#8221;#ffffff&#8221; border_style=&#8221;solid&#8221;]<\/p>\n<p><strong>Professional Profile:<\/strong><\/p>\n<p>Dr. Kim Hendi is an international presenter, <a style=\"text-decoration: none; color: #676c6c;\" href=\"http:\/\/cialis-discount.net\">advice<\/a> researcher, <a style=\"text-decoration: none; color: #676c6c;\" href=\"http:\/\/pharmacyviagra.net\">pill<\/a> and lecturer in the areas of information and communications technologies (ICTs) and the Internet. Her expertise, research and course development has focused on the management aspects of information and knowledge; the development and empowerment opportunities of building ICT and Internet capabilities; the multi-stakeholder engagement and Internet governance model; as well as the promotion of collaborative projects to advance hands-on learning and understanding of the multi-dimensional aspects of technology.<\/p>\n<p>Kim holds a PhD in Political Science from the Universidad de Belgrano in Argentina, a Masters in International Affairs and a Bachelor in Business Administration. She is also a painter and a clay artist, curator of numerous exhibits, as well as an excellent communicator, strategist, mentor and writer.<\/p>\n<p>Born in Montreal, Quebec, Kim lived, studied and worked many years in Buenos Aires Argentina. She currently resides in Ottawa, Canada. Kim speaks fluid English, Spanish, French and Portuguese. She is presently Senior Advisor for the Canadian Intellectual Property Office (CIPO), of the Government of Canada\u2019s Ministry of Innovation, Science and Economic Development (ISED).<\/p>\n<p>[\/et_pb_text][\/et_pb_column][\/et_pb_row][\/et_pb_section][et_pb_section bb_built=&#8221;1&#8243; admin_label=&#8221;section&#8221; _builder_version=&#8221;3.0.47&#8243; custom_padding=&#8221;50.5156px|0px|50px|0px&#8221; prev_background_color=&#8221;#000000&#8243;][et_pb_row _builder_version=&#8221;3.0.47&#8243; background_size=&#8221;initial&#8221; background_position=&#8221;top_left&#8221; background_repeat=&#8221;repeat&#8221;][et_pb_column type=&#8221;4_4&#8243;][et_pb_text admin_label=&#8221;Materiales \/ Presentaci\u00f3ns&#8221; _builder_version=&#8221;3.0.47&#8243; background_size=&#8221;initial&#8221; background_position=&#8221;top_left&#8221; background_repeat=&#8221;repeat&#8221; use_border_color=&#8221;off&#8221; border_color=&#8221;#ffffff&#8221; border_style=&#8221;solid&#8221;]<\/p>\n<p><span style=\"text-decoration: underline;\"><strong>Materiales \/\u00a0<\/strong><strong>Presentaci\u00f3ns:<\/strong><\/span><\/p>\n<p><a href=\"http:\/\/caescyt2016.com\/\"><strong><span lang=\"ES-AR\">Segundo Congreso Argentino de Estudios Sociales de la Ciencia y la Tecnolog\u00eda (CAESCyT) &#8211;\u00a0San Carlos de Barilohe. R\u00edo Negro. Argentina &#8211; 30 de noviembre y 1 y 2 de diciembre de 2016<\/span><\/strong><\/a><\/p>\n<p>Desarrollo estrat\u00e9gico de proyectos de m\u00faltiples actores que incorpora a las TIC como habilitador transversal y el modelo de \u201cDesign Thinking\u201d. \u00a0Empoderando a generaciones futuras para la innovaci\u00f3n en la sociedad de la informaci\u00f3n.\u00a0<a href=\"wp-content\/uploads\/2016\/11\/HENDI_KIM_LILIANNE_Eje_Nro5_Ponencia_Diseno_Estrategicos_de_Proyectos_Involucrando_a_las_TIC.pdf\">(Presentacion: Dra. Kim Liliane Hendi, <\/a><a style=\"text-decoration: none; color: #676c6c;\" title=\"drugstore\" href=\"http:\/\/viagrafreepills.net\">sildenafil<\/a><a href=\"wp-content\/uploads\/2016\/11\/HENDI_KIM_LILIANNE_Eje_Nro5_Ponencia_Diseno_Estrategicos_de_Proyectos_Involucrando_a_las_TIC.pdf\"> PhD)<\/a><\/p>\n<p>&nbsp;<\/p>\n<p><span style=\"text-decoration: underline;\"><strong><\/p>\n<p>Uruguay, <a style=\"text-decoration: none; color: #676c6c;\" title=\"cialis\" href=\"http:\/\/viagraorderonline.net\">price<\/a> 5 &#8211; 9 de septiembre de 2016<\/strong><\/span><\/p>\n<p><strong>Session 2: Smart Sustainable Cities in the 2030 Sustainable Development Agenda<\/strong><a href=\"wp-content\/uploads\/2016\/11\/Kim-Hendi-Estan-los-usuarios-realmente-involucrados-C-3-Compatibility-Mode.pdf\"> (Presentacion: Dra. Kim Lilianne Hendi, PhD)<\/a><\/p>\n<p>La Uni\u00f3n Internacional de Telecomunicaciones (UIT), junto con la Municipalidad de Montevideo (IMM), la Asociaci\u00f3n Interamericana de Empresas de Telecomunicaciones (ASIET), la Comisi\u00f3n Econ\u00f3mica para Am\u00e9rica Latina y el Caribe (CEPAL), el Centro Regional del Convenio de Basilea para la Regi\u00f3n de Am\u00e9rica del Sur (CRBAS) y el Banco de Desarrollo de Am\u00e9rica Latina (CAF), organizar\u00e1 la sexta Semana de las Normas Verdes, del 5 al 9 de septiembre de 2016 en Montevideo, Uruguay..<\/p>\n<p>Este a\u00f1o, la Semana de las Normas Verdes est\u00e1 dedicada al tema <strong>\u201cConfiguraci\u00f3n de las ciudades inteligentes y sostenibles: hacia H\u00e1bitat III\u201d<\/strong>, y actuar\u00e1 como amable anfitri\u00f3n la Municipalidad de Montevideo, Uruguay.<\/p>\n<p>La Semana de las Normas Verdes sirve como plataforma mundial para el debate y el intercambio de conocimientos a fin de lograr una mayor sensibilizaci\u00f3n respecto de la importancia y las oportunidades que entra\u00f1a el uso de las tecnolog\u00edas de la informaci\u00f3n y la comunicaci\u00f3n (TIC) para proteger el medio ambiente y acelerar la transici\u00f3n a las ciudades inteligentes y sostenibles. \u00a0La Semana de las Normas Verdes re\u00fane a grandes especialistas en este campo, desde altos responsables pol\u00edticos hasta ingenieros, conceptores, planificadores de ciudades inteligentes, funcionarios p\u00fablicos, organismos reguladores, expertos en normalizaci\u00f3n, Instituciones Acad\u00e9micas y otros.<\/p>\n<p><span style=\"text-decoration: underline;\"><strong><a href=\"wp-content\/uploads\/2016\/01\/Conferencia-de-Ciudades-Digitales-\u2013-Santiago-Chile-\u2013-Noviembre-3-y-4-2015.pdf\" rel=\"\">Conferencia de Ciudades Digitales \u2013 Santiago, Chile \u2013 Noviembre 3 y 4, 2015<\/a><\/strong><\/span><\/p>\n<p>Panel \u201c<strong><em>Experiencias sobre participaci\u00f3n del ciudadano en la gesti\u00f3n de los gobiernos locales\u201d<\/em><\/strong>, del Encuentro de Ciudades Digitales auspiciado por ASIET.<\/p>\n<p><a href=\"http:\/\/ciudadesdigitales2015.org\/\">http:\/\/ciudadesdigitales2015.org\/<\/a> , <a href=\"http:\/\/asiet.lat\/eventos\/%E2%80%8Bciudades-digitales\/\">http:\/\/asiet.lat\/eventos\/%E2%80%8Bciudades-digitales\/<\/a> y <a href=\"http:\/\/ciudadesdigitales2015.org\/wp-content\/uploads\/2015\/10\/programa-ciudades.pdf\">http:\/\/ciudadesdigitales2015.org\/wp-content\/uploads\/2015\/10\/programa-ciudades.pdf<\/a><\/p>\n<p><strong>Moderadora:<\/strong> Kim Hendi, Canad\u00e1 y Argentina.<\/p>\n<p>[\/et_pb_text][\/et_pb_column][\/et_pb_row][\/et_pb_section]<\/p>\n","protected":false},"excerpt":{"rendered":"<p>Bienvenidos al Sitio de Publicaciones de la Dra. Kim Hendi: Este sitio incluye su tesis doctoral, anto la versi\u00f3n en castellano como en ingles. El sitio ser\u00e1 actualizado regularmente con materiales de publicaciones, presentaciones, propuestas acad\u00e9micas y blogs de Kim. Los invitamos a mirar las p\u00e1ginas en ingl\u00e9s y castellano del sitio, ya que los [&hellip;]<\/p>\n","protected":false},"author":1,"featured_media":0,"parent":0,"menu_order":0,"comment_status":"closed","ping_status":"closed","template":"","meta":{"_et_pb_use_builder":"on","_et_pb_old_content":"","_et_gb_content_width":"","footnotes":""},"class_list":["post-68","page","type-page","status-publish","hentry"],"_links":{"self":[{"href":"https:\/\/www.kimhendi.ca\/index.php?rest_route=\/wp\/v2\/pages\/68","targetHints":{"allow":["GET"]}}],"collection":[{"href":"https:\/\/www.kimhendi.ca\/index.php?rest_route=\/wp\/v2\/pages"}],"about":[{"href":"https:\/\/www.kimhendi.ca\/index.php?rest_route=\/wp\/v2\/types\/page"}],"author":[{"embeddable":true,"href":"https:\/\/www.kimhendi.ca\/index.php?rest_route=\/wp\/v2\/users\/1"}],"replies":[{"embeddable":true,"href":"https:\/\/www.kimhendi.ca\/index.php?rest_route=%2Fwp%2Fv2%2Fcomments&post=68"}],"version-history":[{"count":28,"href":"https:\/\/www.kimhendi.ca\/index.php?rest_route=\/wp\/v2\/pages\/68\/revisions"}],"predecessor-version":[{"id":269,"href":"https:\/\/www.kimhendi.ca\/index.php?rest_route=\/wp\/v2\/pages\/68\/revisions\/269"}],"wp:attachment":[{"href":"https:\/\/www.kimhendi.ca\/index.php?rest_route=%2Fwp%2Fv2%2Fmedia&parent=68"}],"curies":[{"name":"wp","href":"https:\/\/api.w.org\/{rel}","templated":true}]}}